{"id":72,"date":"2025-03-20T14:11:06","date_gmt":"2025-03-20T11:11:06","guid":{"rendered":"http:\/\/darasafari.com\/?page_id=72"},"modified":"2025-03-26T16:16:57","modified_gmt":"2025-03-26T13:16:57","slug":"antik-kent-dara","status":"publish","type":"page","link":"http:\/\/darasafari.com\/index.php\/antik-kent-dara\/","title":{"rendered":"DARA ANT\u0130K KENT"},"content":{"rendered":"<p class=\"\" data-start=\"0\" data-end=\"22\"><strong data-start=\"0\" data-end=\"20\">Dara Antik Kenti<\/strong><\/p>\n<p class=\"\" data-start=\"24\" data-end=\"529\">Mezopotamya\u2019n\u0131n en g\u00f6rkemli yerle\u015fimlerinden biri olan <strong data-start=\"79\" data-end=\"99\">Dara Antik Kenti<\/strong>, Mardin\u2019in 30 km g\u00fcneydo\u011fusunda yer al\u0131r. Roma \u0130mparatorlu\u011fu\u2019nun do\u011fudaki en \u00f6nemli askeri garnizonlar\u0131ndan biri olarak bilinen bu antik kent, <strong data-start=\"243\" data-end=\"279\">5. y\u00fczy\u0131lda \u0130mparator Anastasius<\/strong> taraf\u0131ndan bir s\u0131n\u0131r karakolu olarak in\u015fa edilmi\u015ftir. Tarih boyunca Persler, Romal\u0131lar ve Bizansl\u0131lar gibi bir\u00e7ok medeniyete ev sahipli\u011fi yapan Dara, g\u00fcn\u00fcm\u00fcze ula\u015fan an\u0131tsal yap\u0131lar\u0131yla ziyaret\u00e7ilerini adeta bir a\u00e7\u0131k hava m\u00fczesinde a\u011f\u0131rlamaktad\u0131r.<\/p>\n<p class=\"\" data-start=\"531\" data-end=\"898\"><strong data-start=\"531\" data-end=\"559\">Tarihi ve Mimari Yap\u0131lar<\/strong><br data-start=\"559\" data-end=\"562\" \/>Dara Antik Kenti, <strong data-start=\"580\" data-end=\"643\">su sarn\u0131\u00e7lar\u0131, yeralt\u0131 \u015fehirleri, kaya mezarlar\u0131 ve surlar\u0131<\/strong> ile dikkat \u00e7eker. \u015eehrin en \u00f6nemli yap\u0131lar\u0131ndan biri, devasa s\u00fctunlarla desteklenmi\u015f <strong data-start=\"729\" data-end=\"757\">yeralt\u0131 su sarn\u0131\u00e7lar\u0131d\u0131r<\/strong>. Roma ve Bizans m\u00fchendisli\u011finin en etkileyici \u00f6rneklerinden biri olan bu sarn\u0131\u00e7lar, d\u00f6nemin su ihtiyac\u0131n\u0131 kar\u015f\u0131lamak i\u00e7in in\u015fa edilmi\u015ftir.<\/p>\n<p class=\"\" data-start=\"900\" data-end=\"1189\">Kentte ayr\u0131ca kayalara oyulmu\u015f <strong data-start=\"931\" data-end=\"960\">nekropol (mezarl\u0131k alan\u0131)<\/strong>, halk\u0131n sosyal ve dini hayat\u0131na dair izler ta\u015f\u0131yan <strong data-start=\"1012\" data-end=\"1038\">kiliseler ve zindanlar<\/strong> bulunmaktad\u0131r. \u00d6zellikle <strong data-start=\"1064\" data-end=\"1093\">B\u00fcy\u00fck Mezarl\u0131k (Nekropol)<\/strong> alan\u0131, Roma d\u00f6nemi mezar geleneklerini yans\u0131tan g\u00f6rkemli kaya oyma mezarlar\u0131yla dikkat \u00e7eker.<\/p>\n<p class=\"\" data-start=\"1191\" data-end=\"1510\"><strong data-start=\"1191\" data-end=\"1217\">Efsaneler ve Hik\u00e2yeler<\/strong><br data-start=\"1217\" data-end=\"1220\" \/>Dara Antik Kenti, tarih boyunca bir\u00e7ok efsaneye de konu olmu\u015ftur. Baz\u0131 kaynaklara g\u00f6re, B\u00fcy\u00fck \u0130skender\u2019in ordular\u0131n\u0131n da burada konaklad\u0131\u011f\u0131 s\u00f6ylenmektedir. Ayr\u0131ca, b\u00f6lgede yer alan devasa kaya mezarlar\u0131n\u0131n, Roma ve Bizans d\u00f6nemindeki soylular ve komutanlar i\u00e7in yap\u0131ld\u0131\u011f\u0131 d\u00fc\u015f\u00fcn\u00fclmektedir.<\/p>\n<p class=\"\" data-start=\"1512\" data-end=\"1811\"><strong data-start=\"1512\" data-end=\"1526\">Bug\u00fcn Dara<\/strong><br data-start=\"1526\" data-end=\"1529\" \/>G\u00fcn\u00fcm\u00fczde Dara Antik Kenti, hem tarih hem de do\u011fa merakl\u0131lar\u0131 i\u00e7in <strong data-start=\"1596\" data-end=\"1631\">b\u00fcy\u00fcleyici bir ke\u015fif noktas\u0131d\u0131r<\/strong>. Ziyaret\u00e7iler, antik kentin dar ta\u015f sokaklar\u0131nda y\u00fcr\u00fcyebilir, binlerce y\u0131l \u00f6ncesine ait izleri yak\u0131ndan g\u00f6rebilir ve muhte\u015fem manzaralar e\u015fli\u011finde ge\u00e7mi\u015fe yolculuk yapabilirler.<\/p>\n<p class=\"\" data-start=\"1813\" data-end=\"2012\">Dara\u2019y\u0131 ke\u015ffetmek i\u00e7in <strong data-start=\"1836\" data-end=\"1858\">Dara K\u00fclt\u00fcr Safari<\/strong> ile benzersiz bir yolculu\u011fa \u00e7\u0131kabilir, ATV ve UTV ara\u00e7lar\u0131yla bu tarihi hazinenin derinliklerine inebilirsiniz. <strong data-start=\"1971\" data-end=\"2012\" data-is-last-node=\"\">Tarihe tan\u0131kl\u0131k etmeye haz\u0131r m\u0131s\u0131n\u0131z?<\/strong><\/p>\n","protected":false},"excerpt":{"rendered":"<p>Dara Antik Kenti Mezopotamya\u2019n\u0131n en g\u00f6rkemli yerle\u015fimlerinden biri olan Dara Antik Kenti, Mardin\u2019in 30 km g\u00fcneydo\u011fusunda yer al\u0131r. Roma \u0130mparatorlu\u011fu\u2019nun do\u011fudaki en \u00f6nemli askeri garnizonlar\u0131ndan biri olarak bilinen bu antik kent, 5. y\u00fczy\u0131lda \u0130mparator Anastasius taraf\u0131ndan bir s\u0131n\u0131r karakolu olarak in\u015fa edilmi\u015ftir. Tarih boyunca Persler, Romal\u0131lar ve Bizansl\u0131lar gibi bir\u00e7ok medeniyete ev sahipli\u011fi yapan Dara,&hellip; <br \/> <a class=\"read-more\" href=\"http:\/\/darasafari.com\/index.php\/antik-kent-dara\/\">Devam\u0131<\/a><\/p>\n","protected":false},"author":1,"featured_media":0,"parent":0,"menu_order":0,"comment_status":"closed","ping_status":"closed","template":"","meta":{"footnotes":""},"_links":{"self":[{"href":"http:\/\/darasafari.com\/index.php\/wp-json\/wp\/v2\/pages\/72"}],"collection":[{"href":"http:\/\/darasafari.com\/index.php\/wp-json\/wp\/v2\/pages"}],"about":[{"href":"http:\/\/darasafari.com\/index.php\/wp-json\/wp\/v2\/types\/page"}],"author":[{"embeddable":true,"href":"http:\/\/darasafari.com\/index.php\/wp-json\/wp\/v2\/users\/1"}],"replies":[{"embeddable":true,"href":"http:\/\/darasafari.com\/index.php\/wp-json\/wp\/v2\/comments?post=72"}],"version-history":[{"count":2,"href":"http:\/\/darasafari.com\/index.php\/wp-json\/wp\/v2\/pages\/72\/revisions"}],"predecessor-version":[{"id":226,"href":"http:\/\/darasafari.com\/index.php\/wp-json\/wp\/v2\/pages\/72\/revisions\/226"}],"wp:attachment":[{"href":"http:\/\/darasafari.com\/index.php\/wp-json\/wp\/v2\/media?parent=72"}],"curies":[{"name":"wp","href":"https:\/\/api.w.org\/{rel}","templated":true}]}}